{"id":432,"date":"2023-10-04T11:55:11","date_gmt":"2023-10-04T09:55:11","guid":{"rendered":"https:\/\/www.oslonyokienne.com\/nowa-ruda\/"},"modified":"2024-02-09T09:06:04","modified_gmt":"2024-02-09T08:06:04","slug":"nova-ruda","status":"publish","type":"page","link":"https:\/\/www.oslonyokienne.com\/cs\/nova-ruda\/","title":{"rendered":"Nowa Ruda"},"content":{"rendered":"\n<p>M\u00e1me dlouholet\u00e9 zku\u0161enosti v oblasti poradenstv\u00ed, prodeje a mont\u00e1\u017ee inovativn\u00edch \u0159e\u0161en\u00ed pro okna a dve\u0159e, co\u017e z n\u00e1s \u010din\u00ed nespornou jedni\u010dku v tomto oboru. Na\u0161e spole\u010dnost p\u0159edstavuje nejvy\u0161\u0161\u00ed \u00farove\u0148 profesionality a spolehlivosti a v\u017edy dod\u00e1v\u00e1 \u0159e\u0161en\u00ed, kter\u00e1 spl\u0148uj\u00ed o\u010dek\u00e1v\u00e1n\u00ed na\u0161ich z\u00e1kazn\u00edk\u016f.<\/p>\n\n\n\n<p>Na\u0161e v\u00e1\u0161e\u0148 je zam\u011b\u0159ena na vytv\u00e1\u0159en\u00ed prostor, kter\u00e9 spojuj\u00ed pohodl\u00ed s estetikou, co\u017e je vid\u011bt v ka\u017ed\u00e9m detailu n\u00e1mi nab\u00edzen\u00fdch v\u00fdrobk\u016f. Pochopili jsme, \u017ee okenn\u00ed krytiny jsou nejen funk\u010dn\u00ed, ale tak\u00e9 d\u016fle\u017eit\u00fdm prvkem interi\u00e9rov\u00e9ho designu. D\u00edky tomu rolety, <strong>s\u00edt\u011b proti hmyzu a \u017ealuzie, kter\u00e9 instalujeme nap\u0159\u00edklad v Nov\u00e9 Rud\u011b<\/strong>, nejen \u00fa\u010dinn\u011b chr\u00e1n\u00ed p\u0159ed nadm\u011brn\u00fdm sv\u011btlem a nezvan\u00fdmi hosty (kom\u00e1ry, mouchami), ale tak\u00e9 dod\u00e1vaj\u00ed m\u00edstnostem, do kter\u00fdch je um\u00edst\u00edme, jedine\u010dn\u00fd charakter.<\/p>\n","protected":false},"excerpt":{"rendered":"<p>M\u00e1me dlouholet\u00e9 zku\u0161enosti v oblasti poradenstv\u00ed, prodeje a mont\u00e1\u017ee inovativn\u00edch \u0159e\u0161en\u00ed pro okna a dve\u0159e, co\u017e z n\u00e1s \u010din\u00ed nespornou jedni\u010dku v tomto oboru. Na\u0161e spole\u010dnost p\u0159edstavuje nejvy\u0161\u0161\u00ed \u00farove\u0148 profesionality a spolehlivosti a v\u017edy dod\u00e1v\u00e1 \u0159e\u0161en\u00ed, kter\u00e1 spl\u0148uj\u00ed o\u010dek\u00e1v\u00e1n\u00ed na\u0161ich z\u00e1kazn\u00edk\u016f. Na\u0161e v\u00e1\u0161e\u0148 je zam\u011b\u0159ena na vytv\u00e1\u0159en\u00ed prostor, kter\u00e9 spojuj\u00ed pohodl\u00ed s estetikou, co\u017e je&hellip; <a class=\"more-link\" href=\"https:\/\/www.oslonyokienne.com\/cs\/nova-ruda\/\">Pokra\u010dovat ve\u00a0\u010dten\u00ed <span class=\"screen-reader-text\">Nowa Ruda<\/span><\/a><\/p>\n","protected":false},"author":1,"featured_media":0,"parent":0,"menu_order":0,"comment_status":"closed","ping_status":"closed","template":"singleservice.php","meta":{"footnotes":""},"class_list":["post-432","page","type-page","status-publish","hentry","entry"],"yoast_head":"<!-- This site is optimized with the Yoast SEO plugin v21.9.1 - https:\/\/yoast.com\/wordpress\/plugins\/seo\/ -->\n<title>Nowa Ruda - Tax and Trade<\/title>\n<meta name=\"robots\" content=\"index, follow, max-snippet:-1, max-image-preview:large, max-video-preview:-1\" \/>\n<link rel=\"canonical\" href=\"https:\/\/www.oslonyokienne.com\/cs\/nova-ruda\/\" \/>\n<meta property=\"og:locale\" content=\"cs_CZ\" \/>\n<meta property=\"og:type\" content=\"article\" \/>\n<meta property=\"og:title\" content=\"Nowa Ruda - Tax and Trade\" \/>\n<meta property=\"og:description\" content=\"M\u00e1me dlouholet\u00e9 zku\u0161enosti v oblasti poradenstv\u00ed, prodeje a mont\u00e1\u017ee inovativn\u00edch \u0159e\u0161en\u00ed pro okna a dve\u0159e, co\u017e z n\u00e1s \u010din\u00ed nespornou jedni\u010dku v tomto oboru. Na\u0161e spole\u010dnost p\u0159edstavuje nejvy\u0161\u0161\u00ed \u00farove\u0148 profesionality a spolehlivosti a v\u017edy dod\u00e1v\u00e1 \u0159e\u0161en\u00ed, kter\u00e1 spl\u0148uj\u00ed o\u010dek\u00e1v\u00e1n\u00ed na\u0161ich z\u00e1kazn\u00edk\u016f. Na\u0161e v\u00e1\u0161e\u0148 je zam\u011b\u0159ena na vytv\u00e1\u0159en\u00ed prostor, kter\u00e9 spojuj\u00ed pohodl\u00ed s estetikou, co\u017e je&hellip; Pokra\u010dovat ve\u00a0\u010dten\u00ed Nowa Ruda\" \/>\n<meta property=\"og:url\" content=\"https:\/\/www.oslonyokienne.com\/cs\/nova-ruda\/\" \/>\n<meta property=\"og:site_name\" content=\"Tax and Trade\" \/>\n<meta property=\"article:modified_time\" content=\"2024-02-09T08:06:04+00:00\" \/>\n<meta name=\"twitter:card\" content=\"summary_large_image\" \/>\n<meta name=\"twitter:label1\" content=\"Odhadovan\u00e1 doba \u010dten\u00ed\" \/>\n\t<meta name=\"twitter:data1\" content=\"1 minuta\" \/>\n<script type=\"application\/ld+json\" class=\"yoast-schema-graph\">{\"@context\":\"https:\/\/schema.org\",\"@graph\":[{\"@type\":\"WebPage\",\"@id\":\"https:\/\/www.oslonyokienne.com\/cs\/nova-ruda\/\",\"url\":\"https:\/\/www.oslonyokienne.com\/cs\/nova-ruda\/\",\"name\":\"Nowa Ruda - Tax and Trade\",\"isPartOf\":{\"@id\":\"https:\/\/www.oslonyokienne.com\/cs\/#website\"},\"datePublished\":\"2023-10-04T09:55:11+00:00\",\"dateModified\":\"2024-02-09T08:06:04+00:00\",\"breadcrumb\":{\"@id\":\"https:\/\/www.oslonyokienne.com\/cs\/nova-ruda\/#breadcrumb\"},\"inLanguage\":\"cs\",\"potentialAction\":[{\"@type\":\"ReadAction\",\"target\":[\"https:\/\/www.oslonyokienne.com\/cs\/nova-ruda\/\"]}]},{\"@type\":\"BreadcrumbList\",\"@id\":\"https:\/\/www.oslonyokienne.com\/cs\/nova-ruda\/#breadcrumb\",\"itemListElement\":[{\"@type\":\"ListItem\",\"position\":1,\"name\":\"Strona g\u0142\u00f3wna\",\"item\":\"https:\/\/www.oslonyokienne.com\/cs\/\"},{\"@type\":\"ListItem\",\"position\":2,\"name\":\"Nowa Ruda\"}]},{\"@type\":\"WebSite\",\"@id\":\"https:\/\/www.oslonyokienne.com\/cs\/#website\",\"url\":\"https:\/\/www.oslonyokienne.com\/cs\/\",\"name\":\"Tax and Trade\",\"description\":\"\",\"publisher\":{\"@id\":\"https:\/\/www.oslonyokienne.com\/cs\/#organization\"},\"potentialAction\":[{\"@type\":\"SearchAction\",\"target\":{\"@type\":\"EntryPoint\",\"urlTemplate\":\"https:\/\/www.oslonyokienne.com\/cs\/?s={search_term_string}\"},\"query-input\":\"required name=search_term_string\"}],\"inLanguage\":\"cs\"},{\"@type\":\"Organization\",\"@id\":\"https:\/\/www.oslonyokienne.com\/cs\/#organization\",\"name\":\"Tax and Trade\",\"url\":\"https:\/\/www.oslonyokienne.com\/cs\/\",\"logo\":{\"@type\":\"ImageObject\",\"inLanguage\":\"cs\",\"@id\":\"https:\/\/www.oslonyokienne.com\/cs\/#\/schema\/logo\/image\/\",\"url\":\"https:\/\/www.oslonyokienne.com\/wp-content\/uploads\/2021\/11\/logo.png\",\"contentUrl\":\"https:\/\/www.oslonyokienne.com\/wp-content\/uploads\/2021\/11\/logo.png\",\"width\":255,\"height\":59,\"caption\":\"Tax and Trade\"},\"image\":{\"@id\":\"https:\/\/www.oslonyokienne.com\/cs\/#\/schema\/logo\/image\/\"}}]}<\/script>\n<!-- \/ Yoast SEO plugin. -->","yoast_head_json":{"title":"Nowa Ruda - Tax and Trade","robots":{"index":"index","follow":"follow","max-snippet":"max-snippet:-1","max-image-preview":"max-image-preview:large","max-video-preview":"max-video-preview:-1"},"canonical":"https:\/\/www.oslonyokienne.com\/cs\/nova-ruda\/","og_locale":"cs_CZ","og_type":"article","og_title":"Nowa Ruda - Tax and Trade","og_description":"M\u00e1me dlouholet\u00e9 zku\u0161enosti v oblasti poradenstv\u00ed, prodeje a mont\u00e1\u017ee inovativn\u00edch \u0159e\u0161en\u00ed pro okna a dve\u0159e, co\u017e z n\u00e1s \u010din\u00ed nespornou jedni\u010dku v tomto oboru. Na\u0161e spole\u010dnost p\u0159edstavuje nejvy\u0161\u0161\u00ed \u00farove\u0148 profesionality a spolehlivosti a v\u017edy dod\u00e1v\u00e1 \u0159e\u0161en\u00ed, kter\u00e1 spl\u0148uj\u00ed o\u010dek\u00e1v\u00e1n\u00ed na\u0161ich z\u00e1kazn\u00edk\u016f. Na\u0161e v\u00e1\u0161e\u0148 je zam\u011b\u0159ena na vytv\u00e1\u0159en\u00ed prostor, kter\u00e9 spojuj\u00ed pohodl\u00ed s estetikou, co\u017e je&hellip; Pokra\u010dovat ve\u00a0\u010dten\u00ed Nowa Ruda","og_url":"https:\/\/www.oslonyokienne.com\/cs\/nova-ruda\/","og_site_name":"Tax and Trade","article_modified_time":"2024-02-09T08:06:04+00:00","twitter_card":"summary_large_image","twitter_misc":{"Odhadovan\u00e1 doba \u010dten\u00ed":"1 minuta"},"schema":{"@context":"https:\/\/schema.org","@graph":[{"@type":"WebPage","@id":"https:\/\/www.oslonyokienne.com\/cs\/nova-ruda\/","url":"https:\/\/www.oslonyokienne.com\/cs\/nova-ruda\/","name":"Nowa Ruda - Tax and Trade","isPartOf":{"@id":"https:\/\/www.oslonyokienne.com\/cs\/#website"},"datePublished":"2023-10-04T09:55:11+00:00","dateModified":"2024-02-09T08:06:04+00:00","breadcrumb":{"@id":"https:\/\/www.oslonyokienne.com\/cs\/nova-ruda\/#breadcrumb"},"inLanguage":"cs","potentialAction":[{"@type":"ReadAction","target":["https:\/\/www.oslonyokienne.com\/cs\/nova-ruda\/"]}]},{"@type":"BreadcrumbList","@id":"https:\/\/www.oslonyokienne.com\/cs\/nova-ruda\/#breadcrumb","itemListElement":[{"@type":"ListItem","position":1,"name":"Strona g\u0142\u00f3wna","item":"https:\/\/www.oslonyokienne.com\/cs\/"},{"@type":"ListItem","position":2,"name":"Nowa Ruda"}]},{"@type":"WebSite","@id":"https:\/\/www.oslonyokienne.com\/cs\/#website","url":"https:\/\/www.oslonyokienne.com\/cs\/","name":"Tax and Trade","description":"","publisher":{"@id":"https:\/\/www.oslonyokienne.com\/cs\/#organization"},"potentialAction":[{"@type":"SearchAction","target":{"@type":"EntryPoint","urlTemplate":"https:\/\/www.oslonyokienne.com\/cs\/?s={search_term_string}"},"query-input":"required name=search_term_string"}],"inLanguage":"cs"},{"@type":"Organization","@id":"https:\/\/www.oslonyokienne.com\/cs\/#organization","name":"Tax and Trade","url":"https:\/\/www.oslonyokienne.com\/cs\/","logo":{"@type":"ImageObject","inLanguage":"cs","@id":"https:\/\/www.oslonyokienne.com\/cs\/#\/schema\/logo\/image\/","url":"https:\/\/www.oslonyokienne.com\/wp-content\/uploads\/2021\/11\/logo.png","contentUrl":"https:\/\/www.oslonyokienne.com\/wp-content\/uploads\/2021\/11\/logo.png","width":255,"height":59,"caption":"Tax and Trade"},"image":{"@id":"https:\/\/www.oslonyokienne.com\/cs\/#\/schema\/logo\/image\/"}}]}},"_links":{"self":[{"href":"https:\/\/www.oslonyokienne.com\/cs\/wp-json\/wp\/v2\/pages\/432","targetHints":{"allow":["GET"]}}],"collection":[{"href":"https:\/\/www.oslonyokienne.com\/cs\/wp-json\/wp\/v2\/pages"}],"about":[{"href":"https:\/\/www.oslonyokienne.com\/cs\/wp-json\/wp\/v2\/types\/page"}],"author":[{"embeddable":true,"href":"https:\/\/www.oslonyokienne.com\/cs\/wp-json\/wp\/v2\/users\/1"}],"replies":[{"embeddable":true,"href":"https:\/\/www.oslonyokienne.com\/cs\/wp-json\/wp\/v2\/comments?post=432"}],"version-history":[{"count":1,"href":"https:\/\/www.oslonyokienne.com\/cs\/wp-json\/wp\/v2\/pages\/432\/revisions"}],"predecessor-version":[{"id":559,"href":"https:\/\/www.oslonyokienne.com\/cs\/wp-json\/wp\/v2\/pages\/432\/revisions\/559"}],"wp:attachment":[{"href":"https:\/\/www.oslonyokienne.com\/cs\/wp-json\/wp\/v2\/media?parent=432"}],"curies":[{"name":"wp","href":"https:\/\/api.w.org\/{rel}","templated":true}]}}

<p>Máme dlouholeté zkušenosti v oblasti poradenství, prodeje a montáže inovativních řešení pro okna a dveře, což z nás činí nespornou jedničku v tomto oboru. Naše společnost představuje nejvyšší úroveň profesionality a spolehlivosti a vždy dodává řešení, která splňují očekávání našich zákazníků.</p>



<p>Naše vášeň je zaměřena na vytváření prostor, které spojují pohodlí s estetikou, což je vidět v každém detailu námi nabízených výrobků. Pochopili jsme, že okenní krytiny jsou nejen funkční, ale také důležitým prvkem interiérového designu. Díky tomu rolety, <strong>sítě proti hmyzu a žaluzie, které instalujeme například v Nové Rudě</strong>, nejen účinně chrání před nadměrným světlem a nezvanými hosty (komáry, mouchami), ale také dodávají místnostem, do kterých je umístíme, jedinečný charakter.</p>

<p>Máme dlouholeté zkušenosti v oblasti poradenství, prodeje a montáže inovativních řešení pro okna a dveře, což z nás činí nespornou jedničku v tomto oboru. Naše společnost představuje nejvyšší úroveň profesionality a spolehlivosti a vždy dodává řešení, která splňují očekávání našich zákazníků. Naše vášeň je zaměřena na vytváření prostor, které spojují pohodlí s estetikou, což je&hellip; <a class="more-link" href="https://www.oslonyokienne.com/cs/nova-ruda/">Pokračovat ve čtení <span class="screen-reader-text">Nowa Ruda</span></a></p>

<!-- This site is optimized with the Yoast SEO plugin v21.9.1 - https://yoast.com/wordpress/plugins/seo/ -->
<title>Nowa Ruda - Tax and Trade</title>
<meta name="robots" content="index, follow, max-snippet:-1, max-image-preview:large, max-video-preview:-1" />
<link rel="canonical" href="https://www.oslonyokienne.com/cs/nova-ruda/" />
<meta property="og:locale" content="cs_CZ" />
<meta property="og:type" content="article" />
<meta property="og:title" content="Nowa Ruda - Tax and Trade" />
<meta property="og:description" content="Máme dlouholeté zkušenosti v oblasti poradenství, prodeje a montáže inovativních řešení pro okna a dveře, což z nás činí nespornou jedničku v tomto oboru. Naše společnost představuje nejvyšší úroveň profesionality a spolehlivosti a vždy dodává řešení, která splňují očekávání našich zákazníků. Naše vášeň je zaměřena na vytváření prostor, které spojují pohodlí s estetikou, což je&hellip; Pokračovat ve čtení Nowa Ruda" />
<meta property="og:url" content="https://www.oslonyokienne.com/cs/nova-ruda/" />
<meta property="og:site_name" content="Tax and Trade" />
<meta property="article:modified_time" content="2024-02-09T08:06:04+00:00" />
<meta name="twitter:card" content="summary_large_image" />
<meta name="twitter:label1" content="Odhadovaná doba čtení" />
	<meta name="twitter:data1" content="1 minuta" />
<script type="application/ld+json" class="yoast-schema-graph">{"@context":"https://schema.org","@graph":[{"@type":"WebPage","@id":"https://www.oslonyokienne.com/cs/nova-ruda/","url":"https://www.oslonyokienne.com/cs/nova-ruda/","name":"Nowa Ruda - Tax and Trade","isPartOf":{"@id":"https://www.oslonyokienne.com/cs/#website"},"datePublished":"2023-10-04T09:55:11+00:00","dateModified":"2024-02-09T08:06:04+00:00","breadcrumb":{"@id":"https://www.oslonyokienne.com/cs/nova-ruda/#breadcrumb"},"inLanguage":"cs","potentialAction":[{"@type":"ReadAction","target":["https://www.oslonyokienne.com/cs/nova-ruda/"]}]},{"@type":"BreadcrumbList","@id":"https://www.oslonyokienne.com/cs/nova-ruda/#breadcrumb","itemListElement":[{"@type":"ListItem","position":1,"name":"Strona główna","item":"https://www.oslonyokienne.com/cs/"},{"@type":"ListItem","position":2,"name":"Nowa Ruda"}]},{"@type":"WebSite","@id":"https://www.oslonyokienne.com/cs/#website","url":"https://www.oslonyokienne.com/cs/","name":"Tax and Trade","description":"","publisher":{"@id":"https://www.oslonyokienne.com/cs/#organization"},"potentialAction":[{"@type":"SearchAction","target":{"@type":"EntryPoint","urlTemplate":"https://www.oslonyokienne.com/cs/?s={search_term_string}"},"query-input":"required name=search_term_string"}],"inLanguage":"cs"},{"@type":"Organization","@id":"https://www.oslonyokienne.com/cs/#organization","name":"Tax and Trade","url":"https://www.oslonyokienne.com/cs/","logo":{"@type":"ImageObject","inLanguage":"cs","@id":"https://www.oslonyokienne.com/cs/#/schema/logo/image/","url":"https://www.oslonyokienne.com/wp-content/uploads/2021/11/logo.png","contentUrl":"https://www.oslonyokienne.com/wp-content/uploads/2021/11/logo.png","width":255,"height":59,"caption":"Tax and Trade"},"image":{"@id":"https://www.oslonyokienne.com/cs/#/schema/logo/image/"}}]}</script>
<!-- / Yoast SEO plugin. -->

Máme dlouholeté zkušenosti v oblasti poradenství, prodeje a montáže inovativních řešení pro okna a dveře, což z nás činí nespornou jedničku v tomto oboru. Naše společnost představuje nejvyšší úroveň profesionality a spolehlivosti a vždy dodává řešení, která splňují očekávání našich zákazníků. Naše vášeň je zaměřena na vytváření prostor, které spojují pohodlí s estetikou, což je&hellip; Pokračovat ve čtení Nowa Ruda

Strona główna
