{"id":430,"date":"2023-10-04T12:10:19","date_gmt":"2023-10-04T10:10:19","guid":{"rendered":"https:\/\/www.oslonyokienne.com\/radkow\/"},"modified":"2023-10-04T12:10:19","modified_gmt":"2023-10-04T10:10:19","slug":"radkow","status":"publish","type":"page","link":"https:\/\/www.oslonyokienne.com\/cs\/radkow\/","title":{"rendered":"Radk\u00f3w"},"content":{"rendered":"\n<p>V\u00edtejte ve sv\u011bt\u011b vynikaj\u00edc\u00edho designu a funk\u010dnosti, kde se va\u0161e okna stanou hlavn\u00edmi hrdiny ka\u017ed\u00e9ho interi\u00e9ru. Na\u0161e spole\u010dnost hrd\u011b p\u0159edstavuje \u0161irokou nab\u00eddku \u017ealuzi\u00ed, rolet a dal\u0161\u00edch okenn\u00edch \u0159e\u0161en\u00ed, kter\u00e1 v\u00e1m umo\u017en\u00ed d\u00e1t va\u0161emu domovu nebo pracovi\u0161ti jedine\u010dn\u00fd charakter. Na\u0161im z\u00e1kazn\u00edk\u016fm z Radkowa a dal\u0161\u00edch m\u011bst v Kladsk\u00e9 kotlin\u011b nab\u00edz\u00edme nejen \u0161irok\u00fd sortiment v\u00fdrobk\u016f, ale tak\u00e9 individu\u00e1ln\u00ed p\u0159\u00edstup ke ka\u017ed\u00e9mu projektu. D\u00edky na\u0161im zku\u0161enostem a nasazen\u00ed jsme p\u0159ipraveni pomoci v\u00e1m vybrat ide\u00e1ln\u00ed \u0159e\u0161en\u00ed, kter\u00e9 spln\u00ed va\u0161e o\u010dek\u00e1v\u00e1n\u00ed z hlediska estetiky i funk\u010dnosti.<\/p>\n","protected":false},"excerpt":{"rendered":"<p>V\u00edtejte ve sv\u011bt\u011b vynikaj\u00edc\u00edho designu a funk\u010dnosti, kde se va\u0161e okna stanou hlavn\u00edmi hrdiny ka\u017ed\u00e9ho interi\u00e9ru. Na\u0161e spole\u010dnost hrd\u011b p\u0159edstavuje \u0161irokou nab\u00eddku \u017ealuzi\u00ed, rolet a dal\u0161\u00edch okenn\u00edch \u0159e\u0161en\u00ed, kter\u00e1 v\u00e1m umo\u017en\u00ed d\u00e1t va\u0161emu domovu nebo pracovi\u0161ti jedine\u010dn\u00fd charakter. Na\u0161im z\u00e1kazn\u00edk\u016fm z Radkowa a dal\u0161\u00edch m\u011bst v Kladsk\u00e9 kotlin\u011b nab\u00edz\u00edme nejen \u0161irok\u00fd sortiment v\u00fdrobk\u016f, ale tak\u00e9&hellip; <a class=\"more-link\" href=\"https:\/\/www.oslonyokienne.com\/cs\/radkow\/\">Pokra\u010dovat ve\u00a0\u010dten\u00ed <span class=\"screen-reader-text\">Radk\u00f3w<\/span><\/a><\/p>\n","protected":false},"author":1,"featured_media":0,"parent":0,"menu_order":0,"comment_status":"closed","ping_status":"closed","template":"singleservice.php","meta":{"footnotes":""},"class_list":["post-430","page","type-page","status-publish","hentry","entry"],"yoast_head":"<!-- This site is optimized with the Yoast SEO plugin v21.9.1 - https:\/\/yoast.com\/wordpress\/plugins\/seo\/ -->\n<title>Radk\u00f3w - Tax and Trade<\/title>\n<meta name=\"robots\" content=\"index, follow, max-snippet:-1, max-image-preview:large, max-video-preview:-1\" \/>\n<link rel=\"canonical\" href=\"https:\/\/www.oslonyokienne.com\/cs\/radkow\/\" \/>\n<meta property=\"og:locale\" content=\"cs_CZ\" \/>\n<meta property=\"og:type\" content=\"article\" \/>\n<meta property=\"og:title\" content=\"Radk\u00f3w - Tax and Trade\" \/>\n<meta property=\"og:description\" content=\"V\u00edtejte ve sv\u011bt\u011b vynikaj\u00edc\u00edho designu a funk\u010dnosti, kde se va\u0161e okna stanou hlavn\u00edmi hrdiny ka\u017ed\u00e9ho interi\u00e9ru. Na\u0161e spole\u010dnost hrd\u011b p\u0159edstavuje \u0161irokou nab\u00eddku \u017ealuzi\u00ed, rolet a dal\u0161\u00edch okenn\u00edch \u0159e\u0161en\u00ed, kter\u00e1 v\u00e1m umo\u017en\u00ed d\u00e1t va\u0161emu domovu nebo pracovi\u0161ti jedine\u010dn\u00fd charakter. Na\u0161im z\u00e1kazn\u00edk\u016fm z Radkowa a dal\u0161\u00edch m\u011bst v Kladsk\u00e9 kotlin\u011b nab\u00edz\u00edme nejen \u0161irok\u00fd sortiment v\u00fdrobk\u016f, ale tak\u00e9&hellip; Pokra\u010dovat ve\u00a0\u010dten\u00ed Radk\u00f3w\" \/>\n<meta property=\"og:url\" content=\"https:\/\/www.oslonyokienne.com\/cs\/radkow\/\" \/>\n<meta property=\"og:site_name\" content=\"Tax and Trade\" \/>\n<meta name=\"twitter:card\" content=\"summary_large_image\" \/>\n<meta name=\"twitter:label1\" content=\"Odhadovan\u00e1 doba \u010dten\u00ed\" \/>\n\t<meta name=\"twitter:data1\" content=\"1 minuta\" \/>\n<script type=\"application\/ld+json\" class=\"yoast-schema-graph\">{\"@context\":\"https:\/\/schema.org\",\"@graph\":[{\"@type\":\"WebPage\",\"@id\":\"https:\/\/www.oslonyokienne.com\/cs\/radkow\/\",\"url\":\"https:\/\/www.oslonyokienne.com\/cs\/radkow\/\",\"name\":\"Radk\u00f3w - Tax and Trade\",\"isPartOf\":{\"@id\":\"https:\/\/www.oslonyokienne.com\/cs\/#website\"},\"datePublished\":\"2023-10-04T10:10:19+00:00\",\"dateModified\":\"2023-10-04T10:10:19+00:00\",\"breadcrumb\":{\"@id\":\"https:\/\/www.oslonyokienne.com\/cs\/radkow\/#breadcrumb\"},\"inLanguage\":\"cs\",\"potentialAction\":[{\"@type\":\"ReadAction\",\"target\":[\"https:\/\/www.oslonyokienne.com\/cs\/radkow\/\"]}]},{\"@type\":\"BreadcrumbList\",\"@id\":\"https:\/\/www.oslonyokienne.com\/cs\/radkow\/#breadcrumb\",\"itemListElement\":[{\"@type\":\"ListItem\",\"position\":1,\"name\":\"Strona g\u0142\u00f3wna\",\"item\":\"https:\/\/www.oslonyokienne.com\/cs\/\"},{\"@type\":\"ListItem\",\"position\":2,\"name\":\"Radk\u00f3w\"}]},{\"@type\":\"WebSite\",\"@id\":\"https:\/\/www.oslonyokienne.com\/cs\/#website\",\"url\":\"https:\/\/www.oslonyokienne.com\/cs\/\",\"name\":\"Tax and Trade\",\"description\":\"\",\"publisher\":{\"@id\":\"https:\/\/www.oslonyokienne.com\/cs\/#organization\"},\"potentialAction\":[{\"@type\":\"SearchAction\",\"target\":{\"@type\":\"EntryPoint\",\"urlTemplate\":\"https:\/\/www.oslonyokienne.com\/cs\/?s={search_term_string}\"},\"query-input\":\"required name=search_term_string\"}],\"inLanguage\":\"cs\"},{\"@type\":\"Organization\",\"@id\":\"https:\/\/www.oslonyokienne.com\/cs\/#organization\",\"name\":\"Tax and Trade\",\"url\":\"https:\/\/www.oslonyokienne.com\/cs\/\",\"logo\":{\"@type\":\"ImageObject\",\"inLanguage\":\"cs\",\"@id\":\"https:\/\/www.oslonyokienne.com\/cs\/#\/schema\/logo\/image\/\",\"url\":\"https:\/\/www.oslonyokienne.com\/wp-content\/uploads\/2021\/11\/logo.png\",\"contentUrl\":\"https:\/\/www.oslonyokienne.com\/wp-content\/uploads\/2021\/11\/logo.png\",\"width\":255,\"height\":59,\"caption\":\"Tax and Trade\"},\"image\":{\"@id\":\"https:\/\/www.oslonyokienne.com\/cs\/#\/schema\/logo\/image\/\"}}]}<\/script>\n<!-- \/ Yoast SEO plugin. -->","yoast_head_json":{"title":"Radk\u00f3w - Tax and Trade","robots":{"index":"index","follow":"follow","max-snippet":"max-snippet:-1","max-image-preview":"max-image-preview:large","max-video-preview":"max-video-preview:-1"},"canonical":"https:\/\/www.oslonyokienne.com\/cs\/radkow\/","og_locale":"cs_CZ","og_type":"article","og_title":"Radk\u00f3w - Tax and Trade","og_description":"V\u00edtejte ve sv\u011bt\u011b vynikaj\u00edc\u00edho designu a funk\u010dnosti, kde se va\u0161e okna stanou hlavn\u00edmi hrdiny ka\u017ed\u00e9ho interi\u00e9ru. Na\u0161e spole\u010dnost hrd\u011b p\u0159edstavuje \u0161irokou nab\u00eddku \u017ealuzi\u00ed, rolet a dal\u0161\u00edch okenn\u00edch \u0159e\u0161en\u00ed, kter\u00e1 v\u00e1m umo\u017en\u00ed d\u00e1t va\u0161emu domovu nebo pracovi\u0161ti jedine\u010dn\u00fd charakter. Na\u0161im z\u00e1kazn\u00edk\u016fm z Radkowa a dal\u0161\u00edch m\u011bst v Kladsk\u00e9 kotlin\u011b nab\u00edz\u00edme nejen \u0161irok\u00fd sortiment v\u00fdrobk\u016f, ale tak\u00e9&hellip; Pokra\u010dovat ve\u00a0\u010dten\u00ed Radk\u00f3w","og_url":"https:\/\/www.oslonyokienne.com\/cs\/radkow\/","og_site_name":"Tax and Trade","twitter_card":"summary_large_image","twitter_misc":{"Odhadovan\u00e1 doba \u010dten\u00ed":"1 minuta"},"schema":{"@context":"https:\/\/schema.org","@graph":[{"@type":"WebPage","@id":"https:\/\/www.oslonyokienne.com\/cs\/radkow\/","url":"https:\/\/www.oslonyokienne.com\/cs\/radkow\/","name":"Radk\u00f3w - Tax and Trade","isPartOf":{"@id":"https:\/\/www.oslonyokienne.com\/cs\/#website"},"datePublished":"2023-10-04T10:10:19+00:00","dateModified":"2023-10-04T10:10:19+00:00","breadcrumb":{"@id":"https:\/\/www.oslonyokienne.com\/cs\/radkow\/#breadcrumb"},"inLanguage":"cs","potentialAction":[{"@type":"ReadAction","target":["https:\/\/www.oslonyokienne.com\/cs\/radkow\/"]}]},{"@type":"BreadcrumbList","@id":"https:\/\/www.oslonyokienne.com\/cs\/radkow\/#breadcrumb","itemListElement":[{"@type":"ListItem","position":1,"name":"Strona g\u0142\u00f3wna","item":"https:\/\/www.oslonyokienne.com\/cs\/"},{"@type":"ListItem","position":2,"name":"Radk\u00f3w"}]},{"@type":"WebSite","@id":"https:\/\/www.oslonyokienne.com\/cs\/#website","url":"https:\/\/www.oslonyokienne.com\/cs\/","name":"Tax and Trade","description":"","publisher":{"@id":"https:\/\/www.oslonyokienne.com\/cs\/#organization"},"potentialAction":[{"@type":"SearchAction","target":{"@type":"EntryPoint","urlTemplate":"https:\/\/www.oslonyokienne.com\/cs\/?s={search_term_string}"},"query-input":"required name=search_term_string"}],"inLanguage":"cs"},{"@type":"Organization","@id":"https:\/\/www.oslonyokienne.com\/cs\/#organization","name":"Tax and Trade","url":"https:\/\/www.oslonyokienne.com\/cs\/","logo":{"@type":"ImageObject","inLanguage":"cs","@id":"https:\/\/www.oslonyokienne.com\/cs\/#\/schema\/logo\/image\/","url":"https:\/\/www.oslonyokienne.com\/wp-content\/uploads\/2021\/11\/logo.png","contentUrl":"https:\/\/www.oslonyokienne.com\/wp-content\/uploads\/2021\/11\/logo.png","width":255,"height":59,"caption":"Tax and Trade"},"image":{"@id":"https:\/\/www.oslonyokienne.com\/cs\/#\/schema\/logo\/image\/"}}]}},"_links":{"self":[{"href":"https:\/\/www.oslonyokienne.com\/cs\/wp-json\/wp\/v2\/pages\/430","targetHints":{"allow":["GET"]}}],"collection":[{"href":"https:\/\/www.oslonyokienne.com\/cs\/wp-json\/wp\/v2\/pages"}],"about":[{"href":"https:\/\/www.oslonyokienne.com\/cs\/wp-json\/wp\/v2\/types\/page"}],"author":[{"embeddable":true,"href":"https:\/\/www.oslonyokienne.com\/cs\/wp-json\/wp\/v2\/users\/1"}],"replies":[{"embeddable":true,"href":"https:\/\/www.oslonyokienne.com\/cs\/wp-json\/wp\/v2\/comments?post=430"}],"version-history":[{"count":0,"href":"https:\/\/www.oslonyokienne.com\/cs\/wp-json\/wp\/v2\/pages\/430\/revisions"}],"wp:attachment":[{"href":"https:\/\/www.oslonyokienne.com\/cs\/wp-json\/wp\/v2\/media?parent=430"}],"curies":[{"name":"wp","href":"https:\/\/api.w.org\/{rel}","templated":true}]}}

Radków

<p>Vítejte ve světě vynikajícího designu a funkčnosti, kde se vaše okna stanou hlavními hrdiny každého interiéru. Naše společnost hrdě představuje širokou nabídku žaluzií, rolet a dalších okenních řešení, která vám umožní dát vašemu domovu nebo pracovišti jedinečný charakter. Našim zákazníkům z Radkowa a dalších měst v Kladské kotlině nabízíme nejen široký sortiment výrobků, ale také individuální přístup ke každému projektu. Díky našim zkušenostem a nasazení jsme připraveni pomoci vám vybrat ideální řešení, které splní vaše očekávání z hlediska estetiky i funkčnosti.</p>

<p>Vítejte ve světě vynikajícího designu a funkčnosti, kde se vaše okna stanou hlavními hrdiny každého interiéru. Naše společnost hrdě představuje širokou nabídku žaluzií, rolet a dalších okenních řešení, která vám umožní dát vašemu domovu nebo pracovišti jedinečný charakter. Našim zákazníkům z Radkowa a dalších měst v Kladské kotlině nabízíme nejen široký sortiment výrobků, ale také&hellip; <a class="more-link" href="https://www.oslonyokienne.com/cs/radkow/">Pokračovat ve čtení <span class="screen-reader-text">Radków</span></a></p>

<!-- This site is optimized with the Yoast SEO plugin v21.9.1 - https://yoast.com/wordpress/plugins/seo/ -->
<title>Radków - Tax and Trade</title>
<meta name="robots" content="index, follow, max-snippet:-1, max-image-preview:large, max-video-preview:-1" />
<link rel="canonical" href="https://www.oslonyokienne.com/cs/radkow/" />
<meta property="og:locale" content="cs_CZ" />
<meta property="og:type" content="article" />
<meta property="og:title" content="Radków - Tax and Trade" />
<meta property="og:description" content="Vítejte ve světě vynikajícího designu a funkčnosti, kde se vaše okna stanou hlavními hrdiny každého interiéru. Naše společnost hrdě představuje širokou nabídku žaluzií, rolet a dalších okenních řešení, která vám umožní dát vašemu domovu nebo pracovišti jedinečný charakter. Našim zákazníkům z Radkowa a dalších měst v Kladské kotlině nabízíme nejen široký sortiment výrobků, ale také&hellip; Pokračovat ve čtení Radków" />
<meta property="og:url" content="https://www.oslonyokienne.com/cs/radkow/" />
<meta property="og:site_name" content="Tax and Trade" />
<meta name="twitter:card" content="summary_large_image" />
<meta name="twitter:label1" content="Odhadovaná doba čtení" />
	<meta name="twitter:data1" content="1 minuta" />
<script type="application/ld+json" class="yoast-schema-graph">{"@context":"https://schema.org","@graph":[{"@type":"WebPage","@id":"https://www.oslonyokienne.com/cs/radkow/","url":"https://www.oslonyokienne.com/cs/radkow/","name":"Radków - Tax and Trade","isPartOf":{"@id":"https://www.oslonyokienne.com/cs/#website"},"datePublished":"2023-10-04T10:10:19+00:00","dateModified":"2023-10-04T10:10:19+00:00","breadcrumb":{"@id":"https://www.oslonyokienne.com/cs/radkow/#breadcrumb"},"inLanguage":"cs","potentialAction":[{"@type":"ReadAction","target":["https://www.oslonyokienne.com/cs/radkow/"]}]},{"@type":"BreadcrumbList","@id":"https://www.oslonyokienne.com/cs/radkow/#breadcrumb","itemListElement":[{"@type":"ListItem","position":1,"name":"Strona główna","item":"https://www.oslonyokienne.com/cs/"},{"@type":"ListItem","position":2,"name":"Radków"}]},{"@type":"WebSite","@id":"https://www.oslonyokienne.com/cs/#website","url":"https://www.oslonyokienne.com/cs/","name":"Tax and Trade","description":"","publisher":{"@id":"https://www.oslonyokienne.com/cs/#organization"},"potentialAction":[{"@type":"SearchAction","target":{"@type":"EntryPoint","urlTemplate":"https://www.oslonyokienne.com/cs/?s={search_term_string}"},"query-input":"required name=search_term_string"}],"inLanguage":"cs"},{"@type":"Organization","@id":"https://www.oslonyokienne.com/cs/#organization","name":"Tax and Trade","url":"https://www.oslonyokienne.com/cs/","logo":{"@type":"ImageObject","inLanguage":"cs","@id":"https://www.oslonyokienne.com/cs/#/schema/logo/image/","url":"https://www.oslonyokienne.com/wp-content/uploads/2021/11/logo.png","contentUrl":"https://www.oslonyokienne.com/wp-content/uploads/2021/11/logo.png","width":255,"height":59,"caption":"Tax and Trade"},"image":{"@id":"https://www.oslonyokienne.com/cs/#/schema/logo/image/"}}]}</script>
<!-- / Yoast SEO plugin. -->

Radków - Tax and Trade

Vítejte ve světě vynikajícího designu a funkčnosti, kde se vaše okna stanou hlavními hrdiny každého interiéru. Naše společnost hrdě představuje širokou nabídku žaluzií, rolet a dalších okenních řešení, která vám umožní dát vašemu domovu nebo pracovišti jedinečný charakter. Našim zákazníkům z Radkowa a dalších měst v Kladské kotlině nabízíme nejen široký sortiment výrobků, ale také&hellip; Pokračovat ve čtení Radków

Strona główna
